e 10
-1384854
What is 36f202 (base 16) in base 14?
69a3d0
What is 34135113 (base 6) in base 4?
3331231311
-62a6ec (base 16) to base 10
-6465260
-1680414 (base 12) to base 3
-22202000100221
-10011010000110001000010 (base 2) to base 9
-10445435
-635150 (base 7) to base 12
-53698
Convert 22121022021102 (base 3) to base 7.
53602604
Convert 25011602 (base 7) to base 3.
11012201110122
What is 2122221111200 (base 3) in base 11?
887a22
Convert 11022220212 (base 3) to base 14.
230c3
-cf80 (base 16) to base 12
-268a8
-f87d (base 16) to base 14
-1927b
5665077 (base 10) to base 16
567135
-1100111000001101 (base 2) to base 9
-80320
3d5c3d (base 16) to base 7
46115635
Convert -1541505 (base 7) to base 9.
-352573
What is -f0d33 (base 16) in base 7?
-11245600
-79294 (base 11) to base 7
-655504
What is 221212231 (base 4) in base 11?
107041
Convert -24043223 (base 5) to base 8.
-660770
Convert -6044 (base 8) to base 15.
-dc3
What is c4278 (base 14) in base 4?
1303112102
100000001010221 (base 3) to base 4
102033322330
ec812 (base 16) to base 4
3230200102
What is 100100100000011101011 (base 2) in base 16?
1240eb
What is 1574151 (base 10) in base 7?
16244235
24325321 (base 6) to base 12
313841
What is 78911 (base 10) in base 3?
11000020122
-41312114 (base 5) to base 4
-1102213221
What is -21008 (base 13) in base 15?
-128a2
Convert 8c369 (base 13) to base 11.
164a14
What is 2325420 (base 8) in base 7?
5246164
-10011001000101110 (base 2) to base 7
-444343
What is 13505240 (base 6) in base 14?
bd8a4
Convert -1306800 (base 10) to base 13.
-369a71
-1618d (base 14) to base 12
-27b41
What is -2420838 (base 9) in base 14?
-262655
2221314202 (base 5) to base 13
101681a
Convert -211031 (base 11) to base 8.
-1224274
What is -121112212100 (base 3) in base 8?
-1174204
-310033404 (base 5) to base 2
-100110001110000000010
What is 2d52eb (base 16) in base 6?
143355335
What is -683259 (base 12) in base 3?
-10010120011020
What is 147571 (base 11) in base 15?
4807a
Convert -714ae0 (base 15) to base 6.
-311205350
Convert -120022111221 (base 3) to base 15.
-5e4bd
-1e9a3a (base 15) to base 14
-2b0d25
Convert -50e84 (base 16) to base 11.
-206a8a
What is 20325 (base 8) in base 16?
20d5
-1010d4b (base 14) to base 13
-1750b34
-11010212012 (base 4) to base 2
-101000100100110000110
-1020123020010 (base 4) to base 6
-1514531420
What is 2438614 (base 9) in base 15?
1b2947
Convert 181302b (base 12) to base 13.
1062020
Convert -110021100011011 (base 3) to base 12.
-22261aa
Convert 1302331103 (base 5) to base 8.
14052645
-84964 (base 12) to base 15
-36917
What is 222212102001 (base 3) in base 16?
811b7
37c16 (base 15) to base 12
87179
-54a82 (base 11) to base 16
-137d5
What is -110320233210 (base 4) in base 8?
-24705744
Convert -1542535 (base 6) to base 11.
-62700
Convert -5926bf (base 16) to base 8.
-26223277
-d831 (base 15) to base 8
-131231
250482 (base 9) to base 11
a3747
Convert 211457 (base 8) to base 7.
412246
What is -2102031011 (base 4) in base 14?
-118353
Convert -49027 (base 14) to base 6.
-3453523
Convert -1040b54 (base 12) to base 2.
-1011101101101001110000
Convert -203a0 (base 13) to base 6.
-1123223
-231c63b (base 13) to base 15
-e3be5b
50810 (base 9) to base 12
17446
What is 96dd (base 14) in base 11?
18648
Convert -547b (base 12) to base 16.
-245f
-219a36a (base 11) to base 10
-3849691
48385 (base 11) to base 8
210044
Convert -6b048a (base 14) to base 15.
-4c191b
What is 1423c1 (base 13) in base 16?
77c63
What is 238033 (base 14) in base 13?
3360b6
2c2466 (base 15) to base 3
11000102021220
What is -3210311020 (base 4) in base 2?
-11100100110101001000
What is -608635 (base 9) in base 14?
-95604
What is -1ad6a0 (base 14) in base 11?
-5a5543
What is 2869899 (base 10) in base 15?
3ba519
What is 358720 (base 16) in base 10?
3508000
-543896 (base 12) to base 2
-101000101100100110010
What is 100300033 (base 4) in base 2?
10000110000001111
What is 95295 (base 13) in base 12?
10b466
What is 780665 (base 14) in base 3?
21122221121020
Convert -902db (base 15) to base 12.
-1a0075
What is -21279 (base 10) in base 6?
-242303
Convert 6430738 (base 9) to base 11.
1a43414
11101100000001101 (base 2) to base 5
12331340
-431687 (base 9) to base 14
-69a17
Convert -16227273 (base 8) to base 6.
-212153335
Convert -110212111313 (base 4) to base 5.
-2340244202
-337291 (base 12) to base 15
-1134b7
Convert 101112010 (base 4) to base 5.
4233134
Convert -352560 (base 7) to base 12.
-30833
15b63 (base 14) to base 2
1101010001101011
What is 10121020012 (base 3) in base 10?
70880
-221002301 (base 4) to base 16
-290b1
1a913 (base 11) to base 7
150464
-131b7 (base 12) to base 14
-9799
What is -53212 (base 6) in base 10?
-7208
Convert 101809 (base 16) to base 13.
2ac100
Convert -43012124 (base 6) to base 8.
-4637664
Convert 21bc9 (base 15) to base 13.
39ab0
What is -552467 (base 8) in base 7?
-1402161
Convert 122020122102 (base 3) to base 9.
566572
-8904e1 (base 15) to base 13
-1479043
Convert ed9bd (base 16) to base 11.
605239
What is -1323123033 (base 4) in base 14?
-d234b
Convert -1b761 (base 12) to base 11.
-28744
What is -1596486 (base 10) in base 16?
-185c46
-1001121122020 (base 3) to base 16
-89835
64a47 (base 11) to base 3
11210112110
-225113 (base 9) to base 13
-49575
111111001111001000010 (base 2) to base 14
3bd214
Convert 1eed02 (base 15) to base 11.
9477a5
6570680 (base 12) to base 6
1525444240
Convert 111320213 (base 4) to base 6.
1530555
Convert 5541267 (base 9) to base 7.
34220005
What is 4364 (base 11) in base 2?
1011001111101
Convert 52204 (base 7) to base 9.
18484
What is 3011045 (base 6) in base 11?
97355
Convert -832023 (base 12) to base 5.
-1011300342
324210054 (base 6) to base 2
10110001000100011110010
Convert 12c760 (base 13) to base 11.
2916a2
-2437713 (base 11) to base 3
-21222111010220
What is -33204730 (base 9) in base 5?
-13103033323
What is -356406 (base 9) in base 5?
-23332111
Convert 63232776 (base 8) to base 3.
221022021011002
What is -6bd9db (base 15) in base 7?
-61565330
Convert -226653 (base 8) to base 5.
-4432402
-1c320c (base 15) to base 3
-2120222112010
1221502 (base 8) to base 12
142a2a
Convert 1021021030 (base 4) to base 5.
34041341
-779481 (base 11) to base 12
-4bab90
Convert 4c0c3 (base 13) to base 6.
3003411
Convert -30a8a43 (base 11) to base 16.
-5382e6
-4614dd (base 15) to base 4
-30300311011
Convert 673a68 (base 13) to base 4.
21102233110
-13003012 (base 4) to base 14
-a742
What is -62186 (base 12) in base 5?
-13044433
What is -67909 (base 15) in base 11?
-205543
What is 42910 (base 12) in base 13?
30bca
What is -84175 (base 11) in base 6?
-2343503
10104412403 (base 5) to base 8
47020644
Convert 110000011110100001101 (base 2) to base 11.
995505
What is 825734 (base 11) in base 8?
5034255
-10222102012 (base 3) to base 7
-444203
24223031 (base 6) to base 15
101b57
Convert -57b5 (base 13) to base 4.
-3000130
232334220 (base 6) to base 14
806764
What is -aa7aa9 (base 11) in base 10?
-1767566
What is 28612 (base 15) in base 8?
375121
Convert -302701 (base 9) to base 13.
-63727
Convert -20001201010222 (base 3) to base 16.
-312b0f
Convert -10b6b88 (base 13) to base 5.
-2304444013
What is 26764667 (base 8) in base 6?
333035023
Convert -36525 (base 11) to base 15.
-1087b
Convert -1601b (base 16) to base 4.
-112000123
What is -22321313 (base 4) in base 8?
-127167
Convert -20380 (base 9) to base 3.
-200102200
What is 4082676 (base 10) in base 7?
46462563
-30a65a (base 14) to base 9
-3072561
-27210555 (base 8) to base 13
-1357278
What is -1000001100000110001 (base 2) in base 3?
-111122002102
Convert 3520734 (base 10) to base 2.
1101011011100011011110
Convert -229274 (base 11) to base 6.
-11443422
What is -497b99 (base 12) in base 15?
-189469
Convert 135d3 (base 14) to base 6.
1005205
-6351411 (base 9) to base 8
-14757755
What is 2511214 (base 6) in base 2?
100000101010011010
Convert 3430444 (base 8) to base 2.
11100011000100100100
-336164 (base 12) to base 9
-1477764
What is -487244 (base 10) in base 7?
-4066352
Convert -20583680 (base 9) to base 15.
-d0d2e6
Convert -4832454 (base 10) to base 7.
-56034534
What is -5b4767 (base 12) in base 16?
-16963f
Convert -83914 (base 11) to base 16.
-1dd71
-1351043 (base 7) to base 16
-2c0e1
What is 271130 (base 15) in base 2?
11100101000